t c be y(-4). Let m = c + 16. Is m a composite number?
False
Suppose 4*d + 4*q = q + 236, -2*d - 3*q + 112 = 0. Is d a composite number?
True
Suppose -x + 4*x = 534. Is x prime?
False
Suppose -4*l = h - 467, 2*h - 663 = -5*l + 280. Is h a composite number?
False
Let x be 0 - 1 - (0 - -6). Suppose 1 = 4*o + z - 0, -4*z + 4 = 4*o. Let v = o - x. Is v a prime number?
True
Suppose 0 = 2*n + 3*n - w + 36, 4*w = -4*n - 48. Let r(h) = h**3 + 8*h**2 - 5*h - 9. Is r(n) a composite number?
False
Let y(k) = -291*k - 29. Is y(-6) a prime number?
False
Let m(l) = -53*l + 2. Let a be m(-1). Let g be ((-12)/1)/(1/(-1)). Suppose -a - g = -q. Is q composite?
False
Let m(o) = 2*o**2 + 14*o + 1. Is m(-18) composite?
False
Suppose -j + 1090 = 5*l, 2037 = 3*j - 4*l - 1328. Is j composite?
True
Let r(l) be the second derivative of 7*l**4/12 - l**3/6 - 2*l**2 + 2*l. Let g be r(4). Suppose 2*v = -y + 47, -3*y - y + g = 4*v. Is v a prime number?
False
Let i = -1 - 1. Let q = 54 - i. Let r = q - 19. Is r a composite number?
False
Suppose -2*p + 6*p + 5*r - 166 = 0, 5*p - 191 = 2*r. Suppose 0 = i - p - 28. Is i a prime number?
True
Suppose -x - 1776 = 2*h - 4*h, 4*x + 1782 = 2*h. Is h prime?
True
Suppose a - 3*a = -4. Suppose -w + a = 0, o = -0*o + 4*w - 4. Suppose o*c = 2*c + 18. Is c composite?
True
Let b = 6 + -4. Let r(q) = -251*q. Let l be r(-1). Suppose -l = -5*z - 2*d, 4 = 2*d - b. Is z a prime number?
False
Suppose -2*z + 497 = -897. Is z prime?
False
Suppose 0 = -3*s - 2*s + 10. Let d be (s/3)/((-2)/(-258)). Suppose 0*a - 107 = -4*a + 5*g, d = 4*a + 2*g. Is a composite?
False
Let t(w) = -w**2 + 3*w + 10. Let f be t(6). Is -2*340/f - -2 prime?
False
Suppose 0*x - w = 4*x - 18, -2*w - 24 = -4*x. Suppose 19 + 1 = x*i. Suppose -i*d - 256 = -5*u - 11, -d = u - 49. Is u prime?
False
Suppose q + q + 4*a - 238 = 0, -2*q + 254 = -4*a. Suppose o = 3*z - 0*o - q, 4*o = 2*z - 92. Suppose -z = g - 95. Is g prime?
False
Suppose 0 = m + 2*m. Suppose 3*z - 9 + 3 = m, 2*v - 24 = 2*z. Let a = 48 - v. Is a a composite number?
True
Let s = -50 - -96. Is s composite?
True
Let k = 17 - 13. Is k/(-10) - 584/(-10) prime?
False
Let o = -6 - -14. Suppose 3*i + 780 = o*i. Suppose -i - 79 = -5*g. Is g prime?
True
Let v(s) = -5*s**2 - 4*s + 4. Let j(x) = -16*x**2 - 13*x + 13. Let d(p) = 2*j(p) - 7*v(p). Is d(-2) composite?
True
Let y = 11 - 9. Suppose 5*r - y*r - 1545 = -4*i, 0 = -5*i + 15. Is r a composite number?
True
Let a(r) = r**2 + 2*r. Let z be a(-3). Suppose -41 = -z*q + 58. Is q a prime number?
False
Let d(v) be the first derivative of -6*v + 2*v + 6*v**3 + 2*v**2 + v + 4. Is d(2) a composite number?
True
Suppose -3*m + 20 = -2*m + 3*k, k = 4*m - 15. Suppose 0 = m*d - 347 + 72. Is d composite?
True
Let c(s) = 9*s**2 - s + 5. Let n be c(-10). Suppose q - n = -2*q. Is q composite?
True
Let m = -300 + 531. Let t = m - 22. Is t a prime number?
False
Let q be (-1)/3 + (-1406)/(-6). Suppose -4*v = -x - 397 - 59, -x + q = 2*v. Is v a composite number?
True
Suppose 323 = -4*h + 23. Suppose -37 = l + 4*q, 3*l - 5*q = -l - 232. Let x = l - h. Is x prime?
False
Suppose g + 6*y = 2*y - 12, -y - 3 = g. Is -2 - (2 + g - 519) prime?
False
Let r(q) = -q**3 - 7*q**2 - 8*q. Let x be r(-6). Let c be ((-15)/x)/((-2)/8). Suppose -7*d - t = -3*d - 77, -c = -5*t. Is d composite?
False
Let m be (-8 - -10)/(2 - 0). Is (-3 - -4 - m) + 185 a prime number?
False
Let h be 1/1 - (-1 - 0). Suppose -6*z + 990 = -2*z - h*l, -z + 242 = 5*l. Is z a prime number?
False
Suppose -2*f + 0*f = -20. Let i be (-2)/(-4) + f/4. Is ((-370)/15)/((-2)/i) a prime number?
True
Let g be 2 - (2 - 3) - 1. Suppose g*q + 152 = -3*b, 5*b - 3*q + 111 = -174. Let r = 137 + b. Is r composite?
False
Let u(s) = s**3 + 4*s**2 + 3*s + 4. Suppose -w + 9 = 6*x - 3*x, w + 2*x = 5. Let h be u(w). Is (1 - h/2)*-19 a prime number?
True
Let x = 813 + -478. Is x a composite number?
True
Suppose -2*j = 5*s - 23553, -s + 4*s = -j + 14132. Is s prime?
False
Suppose -471 = -5*o - 2*m, -3*o - 2*m = m - 288. Let x = 294 - o. Is x prime?
False
Let n(f) = 2*f**2 + 2*f + 3. Let v be n(-2). Is (-2)/v + (-300)/(-21) prime?
False
Let x = -7 + -4. Let q = 30 + x. Is q prime?
True
Let s = -6 + 9. Is (-44)/s*(-3)/2 a prime number?
False
Suppose 0 = -5*n + 20, 3*z - 4*n + 24 = -n. Let p = z + 2. Is (-124)/(-12)*(p + 5) a prime number?
True
Suppose 8*h = 13*h - 10. Suppose -h*k - 5*u + 715 = 3*k, 2*k = -4*u + 290. Is k prime?
False
Let v = -134 + -97. Let b = 161 + v. Let z = b + 149. Is z composite?
False
Is -14*(-2 - 436/8) a prime number?
False
Suppose -n = 3*l + 57 - 583, 2*n = 2*l + 1092. Is n a prime number?
True
Let u(d) = d**3 + 7*d**2 + 2*d - 5. Is u(-5) a composite number?
True
Let v(q) = -q**3 - 15*q**2 + 20*q + 1. Is v(-18) a prime number?
True
Let w = 126 + -67. Is w composite?
False
Let b = -2 - -8. Let l = 12 - b. Let a = l - -1. Is a prime?
True
Is ((-148)/10)/(2/(-5)) prime?
True
Let m(j) = j**3 - 11*j**2 + 3*j - 30. Is m(13) a composite number?
False
Suppose 0 = 4*q - q - 6. Let o(c) = -c + 1. Let w(a) = -18*a. Let b(d) = -o(d) - w(d). Is b(q) a composite number?
False
Suppose 4*a - 4*u = 9*a - 22, -23 = -4*a - 5*u. Suppose 37 = q - a*k, -q - k + 37 = 4*k. Is q prime?
True
Let h(o) = 5 + 3*o - 5 + o**2 - 2. Let m be h(2). Is (-4)/16 + 122/m a prime number?
False
Suppose g - w + 395 = 6*g, 3*g + w - 235 = 0. Suppose 5*l - g = 665. Is l composite?
False
Let n be -27 + -1 + 3 + -1. Let s be (5/(-10))/((-1)/n). Let i = s + 32. Is i a prime number?
True
Suppose 3*y - 101 = 2*y - 5*k, -k = -y + 71. Let i = y - -115. Is i composite?
False
Let h(d) = -d**3 + 2*d - 3. Let m = -8 - -4. Is h(m) a prime number?
True
Let s(t) = -t**3 - 2*t**2 - 4. Let z = 1 + -4. Let u be s(z). Suppose u*h - 195 = 35. Is h a composite number?
True
Let w(z) = -20*z**3 + 3*z**2 - z - 4. Is w(-3) composite?
True
Let h(r) = -r - 9. Let f be h(-9). Suppose 5*j - 4*q = -5*q + 788, f = 3*j - 4*q - 459. Is j a prime number?
True
Suppose -3*k + 3*f - 11 = -5, -2*k + f + 1 = 0. Let z be k + (-4 + 0 - 0). Is (z - 1)/((-14)/371) prime?
True
Suppose -86 = 2*r - 3*r. Is r composite?
True
Let p = 49 - -12. Let k = p - 42. Suppose -k - 19 = -l. Is l composite?
True
Suppose -u = 5*c - 10530 + 2767, 4*c + 31052 = 4*u. Is u composite?
True
Let g = 2 - 0. Is (-381)/2*g/(-3) composite?
False
Suppose -29 = -2*x + 57. Is x prime?
True
Suppose -4*y = -y - 18. Is y a composite number?
True
Let y(a) = 17*a**2 - 4*a - 1. Let p(n) = 2*n - 6. Let j be p(6). Is y(j) a composite number?
False
Let c = -4 - -4. Suppose 3*a = 3*r + 108, -2*a + c*r - r + 75 = 0. Is a a prime number?
True
Let a = 860 + -273. Is a a prime number?
True
Let h(u) = u**3 + u**2 - 1. Let n be h(-2). Let d(l) = -82*l - 4. Let y(b) = -41*b - 2. Let v(k) = -2*d(k) + 5*y(k). Is v(n) a prime number?
False
Let l(s) = s. Let f(j) = 23*j + 4. Let n(p) = -f(p) + 4*l(p). Let t be n(-3). Let q = t - 16. Is q composite?
False
Let c(v) = v + 17. Let b(k) = 3*k + 34. Let p(j) = 4*b(j) - 9*c(j). Is p(8) prime?
True
Is (-2 - -21 - (-4 + 6))*47 prime?
False
Suppose -2*n + 3*n + 1266 = 4*s, n - 1587 = -5*s. Is s prime?
True
Suppose -29 = -2*h - 117. Let z = -17 - h. Suppose p - 32 = z. Is p prime?
True
Let j(l) = -30*l**3 - l**2 + 3*l + 5. Is j(-3) composite?
False
Is 1*-314*4/(-8) a composite number?
False
Let b(h) = h**3 + 3*h**2 - 19*h + 8. Is b(9) a prime number?
True
Suppose 0 = -5*g + 3*g + 8, -x = -g + 309. Let p = -877 + 1325. Let u = x + p. Is u composite?
True
Suppose -2*l + 15*l - 40781 = 0. Is l prime?
True
Suppose 5*g - 25 = -5*o, 3*g - 24 + 6 = -4*o. Let w(n) be the third derivative of 5*n**4/4 - n**3/6 - n**2. Is w(o) prime?
True
Let m(k) = -k - 2. Let x be m(-1). Let a be 14/(-6) + 4/(-6). Is x/a - 280/(-6) a composite number?
False
Let q(o) = -o**3 - o**2 - o - 4. Let g(i) = i**3 + 1. Let r(s) = 2*g(s) + q(s). Let c be r(2). Suppose 5*d - d - 156 = c. Is d composite?
True
Let w(c) = -10*c - 3*c**2 - c**3 + 7*c**2 + 13 + 6*c**2. Let m be w(9). Suppose -5*x = q - 23, -2*q - q + 113 = m*x. Is q a prime number?
True
Suppose -14*g + 10*g + 2692 = 0. Is g composite?
False
Let w = 164 + 629. Is w composite?
True
Let a(y) = 13*y + 3. Let p(w) = -25*w - 6. Let b(f) = 11*a(f) + 6*p(f). Is b(-6) a composite number?
True
Let a be 16*1*(-9)/(-1